v)?
3
Let q = -159 - -291. What is the hundreds digit of q?
1
Let v = 2 + -4. What is the units digit of (-312)/(-16)*v/(-3)?
3
Let s(x) = -x - 5. Let k be s(-5). Suppose 0 = -2*i - 5*r + 1, i + 2*r = -k*i + 3. What is the tens digit of i?
1
Let o = 2 + -2. Suppose -2*g - 3*g = o. Suppose g = c - 0 - 4. What is the units digit of c?
4
Let n(t) = t - 5. What is the units digit of n(8)?
3
Let w = 400 - 30. What is the tens digit of w?
7
Let s = -13 + 18. Let j(k) = -k + 5. Let v be j(s). Suppose 2*l - 18 = y + 3*y, v = 5*y - 15. What is the tens digit of l?
1
Suppose 5*j + 81 = 6*j. Suppose -5*m + 135 = -5*g, 3*m + 0*m - 2*g - j = 0. What is the units digit of m?
7
Suppose -2*h = -0*h - 4*y - 2, 2*h - y - 8 = 0. What is the units digit of h?
5
Let z be (4*4)/(2 - 1). Suppose -3*t + t + z = 0. What is the units digit of t?
8
Suppose 2*h - 6*h + 4*u + 16 = 0, -3*h = -u - 18. Suppose -h*g = -3*g. Suppose -2*p + p + 15 = g. What is the tens digit of p?
1
Suppose -3*a + 2 = -5*s - 6*a, -2*s = -2*a - 12. Suppose 4*x - 52 = -s*h, 2*h = 4*x - 3*h - 52. What is the tens digit of x?
1
Let d = -7 + 9. Suppose -d*q + 42 = q. What is the tens digit of q?
1
Suppose -43 + 259 = 3*p. What is the units digit of p?
2
What is the tens digit of 74*1 - (-12)/3?
7
Let c = 58 - 37. Suppose -c + 9 = -3*w. Suppose -3*u = -w*u + 3. What is the units digit of u?
3
Let x(j) = -j**2 + 9*j - 8. Let d be x(7). Let w = 11 - d. Suppose 10*h = w*h + 15. What is the units digit of h?
3
Let r(d) = -d + 7. Suppose -5*s - 15 = -5*g, g - 4*g = -5*s - 7. Suppose -g*w - 9 = 11. What is the tens digit of r(w)?
1
Let m = 6 + -3. Let s = -10 - -15. Suppose 0 = -4*j - m*r - r - 8, -s*j - 4*r = 6. What is the units digit of j?
2
Suppose c - 7 + 2 = 0. Suppose 0*m - 157 = -c*m + r, 3*r + 161 = 5*m. Let b = m + -22. What is the units digit of b?
9
Suppose -4*j = -20, 0*j - j = 4*o - 5. Let g = o + 5. Suppose y = 2, -5*m - g*y = -0*m - 40. What is the units digit of m?
6
Let a be (30/2)/((-3)/(-2)). Let i = -2 + a. What is the units digit of i?
8
Let l = 4 - 3. Let g be l + -1 + -1 + 1. Suppose g = -3*x + 2*x + 10. What is the units digit of x?
0
Suppose -16*s + 813 = -13*s. What is the tens digit of s?
7
Suppose -5*k = y - 38, -5*y - 130 + 380 = 5*k. What is the units digit of y?
3
Let s = 44 - -147. What is the hundreds digit of s?
1
Suppose -y - 2*y = 0. Let d be (1 - y) + (-6 - -5). Suppose d - 64 = -4*a. What is the tens digit of a?
1
Suppose 5*p - p = -5*q + 52, -3*p + 4*q + 8 = 0. What is the units digit of p/(-20) - 94/(-10)?
9
Suppose 4*s = a + 24, 5*a + 0*a + 35 = 3*s. Let k(j) = 3*j**2 + 3*j + 2. What is the units digit of k(a)?
8
Let i(w) = w - 2. Suppose 25 = -o + 6*o. Let b be i(o). Suppose b*r + g - 8 = 0, 0*r + g = 5*r - 16. What is the units digit of r?
3
Let d = 20 + -11. Let f = -7 + d. Let p = 4 + f. What is the units digit of p?
6
Let p = 0 - -1. Let h(c) = -4*c + p + 5*c + 0. What is the units digit of h(5)?
6
Suppose -8*n - 237 + 3261 = 0. What is the tens digit of n?
7
Suppose 0 = -4*g + 5*b + 81, 4*g - 4*b - 80 = -0*b. What is the units digit of g?
9
What is the tens digit of ((-72)/15)/((-8)/240)?
4
Let b be 2/(-3) - (-32)/3. Let s = b + -9. What is the units digit of s?
1
What is the tens digit of (11/(-4))/(12/(-1104))?
5
Suppose -q - w - 1 = 0, 3*q + q = 5*w + 23. Let f be 4/6 + 62/6. Suppose -f = -q*y + 5. What is the units digit of y?
8
Let c be 1/(2 + 5/(-3)). Suppose 11 = c*o - 25. What is the tens digit of o?
1
Let t(h) be the first derivative of h**4/2 - h**3/3 + 7. What is the tens digit of t(3)?
4
What is the units digit of -1*93*16/(-24)?
2
Suppose -704 = -5*i + 136. What is the hundreds digit of i?
1
What is the tens digit of (-334)/(-12) + 1/6?
2
Let r = 396 - 197. What is the hundreds digit of r?
1
Suppose -2*z + 147 = 3*w - 5*z, w - 47 = 3*z. Let n = w + -8. Suppose 3*k - 3*c - 12 = -0*k, 3*k + 3*c = n. What is the units digit of k?
9
Suppose -27 = -9*b + 108. What is the tens digit of b?
1
Let g = -12 - -13. What is the units digit of 7 + g + (0 - 0)?
8
Let a be (-1)/7 + 1011/21. Suppose -c - c + a = 0. What is the units digit of c?
4
Let p = 53 - 13. What is the tens digit of p?
4
Suppose 6*c - 444 = 2*c. What is the units digit of c?
1
Let t(d) = d - 7. Let k(u) = u**3 - 2*u**2 + u - 1. Let q be k(3). What is the units digit of t(q)?
4
What is the units digit of (4 - -30) + 0 - 1?
3
Let h be (-2)/3 - 56/(-12). Suppose 3*c = 7 - 1. Suppose -c*k - 16 = -5*x, 6 = h*x - 2*k - 6. What is the units digit of x?
4
Suppose 7*x + 60 = 9*x. Suppose x = -0*y - 3*y. What is the units digit of (3/2)/((-5)/y)?
3
Let r = 30 - 1. What is the tens digit of r?
2
What is the units digit of (-153)/(-2) + (-9)/(-18)?
7
Let f(g) = -g**3 + 9*g**2 + 11*g - 8. Let t be f(10). Let v = t + 3. Suppose -3*s = s - 16, -4*s - 14 = -v*m. What is the units digit of m?
6
Let b(d) = d**3 - 2*d**2 - 3*d - 3. What is the units digit of b(4)?
7
Suppose n + 2*j = 3*j + 3, -5*n - 2*j = -8. Let y = n - -1. Suppose 34 = -w + y*w. What is the tens digit of w?
1
Let m = 60 - 13. What is the units digit of m?
7
What is the units digit of (-32)/5*(-5 - 0)?
2
Let z = 1 + -3. What is the units digit of -1 + (-3 - z - -4)?
2
Let z(t) = 35*t**2 - 3*t + 2. What is the tens digit of z(1)?
3
Let y be -3*(3 + (-22)/6). Suppose -93 = -5*q - 3*r + y*r, 21 = q + r. What is the units digit of q?
8
Suppose 3*l - 10 = -2*u + l, 4*l - 12 = 0. Suppose 12*n = -15 + 39. Suppose -w + n*w = u. What is the units digit of w?
2
Let a(y) = y + 11. Let x be a(-9). Suppose -x*b - 2*b - 24 = 0. Let s(u) = -2*u - 1. What is the tens digit of s(b)?
1
Suppose -7 = -3*i + 2. Suppose -8*g + 95 = -i*g. What is the units digit of g?
9
Let l be (-1)/(-2 + 9/5). Suppose -r - 35 = -l*f + 35, -r = f - 20. What is the tens digit of f?
1
What is the units digit of 2*3/(-18)*-3?
1
Let x(n) = -7*n + 2*n + 4*n + 3*n + 5. What is the tens digit of x(16)?
3
Let k be ((-4)/5)/((-2)/5). Suppose 6*x = x. Suppose x = -k*c + 3 - 1. What is the units digit of c?
1
Suppose -4*c + 5*z = 7, 8 = 3*c + 2*z - 4. Suppose -c*s + w + 0*w = -50, s - 25 = 2*w. What is the tens digit of s?
2
Suppose -t - 22 = 3*d, 6*t - 2*t - 4*d + 56 = 0. Let y = t - -50. What is the tens digit of y?
3
Suppose -2*m = 3*m - 685. Let l = m + -94. Let c = l - 30. What is the tens digit of c?
1
Let o = 59 - 17. What is the units digit of o?
2
Let g be ((-5)/(-3))/((-3)/(-18)). Suppose -o + 1 = -g. What is the units digit of o?
1
Suppose -3*l = -0*l - 12. Suppose 0 = -l*m + 21 + 95. Suppose -5*v + 11 = -m. What is the units digit of v?
8
Suppose -10*i - 6*i = -96. What is the units digit of i?
6
Let l be (2 - -16)/((-4)/22). Let y = l - -143. Suppose 4*q - y = 32. What is the units digit of q?
9
Let z(r) = r**2 - 13*r + 18. What is the tens digit of z(-10)?
4
Let q = -8 + 12. Let w be 1/4 + (-33)/q. What is the tens digit of (45/(-10))/(3/w)?
1
Let k = 10 - -23. What is the units digit of k?
3
Let q(b) = -b**2 + 7*b + 1. Let o be q(6). Suppose -2*n - 5*v = 1, -4*n + o*n - v = 7. What is the units digit of n?
2
Let v be (-10)/(-3)*(-7 + 10). Suppose -2*u = -v + 2. What is the units digit of u?
4
Let v(n) = 38*n + 70. What is the hundreds digit of v(7)?
3
Let n(h) = 6*h**3 + 3*h**2 + 2*h - 3. What is the units digit of n(3)?
2
Suppose 5*v = 3*r + 757, 5*v - 1101 = r - 352. What is the units digit of v?
9
Let q(d) be the first derivative of d**2/2 + 5*d - 1. Let n be q(-5). What is the units digit of (n - (-15)/(-9))*-6?
0
Let f(a) = a**2 - 5*a + 6. Let d be f(4). Suppose -4*v = 2*j - 2, 3*v - j - 1 = -d*j. What is the units digit of 1/((-2)/(-22) + v)?
1
Suppose -5*b - 40 = 65. Let u = 38 + b. What is the tens digit of u?
1
Suppose -5*k = 5*t - 380, -374 = -4*t - t - 3*k. What is the tens digit of t?
7
Let t(y) = -y**2 - 6*y + 2. Let j be t(-6). Let z(f) = j - 3 - 2 - 2*f. What is the units digit of z(-11)?
9
Let k(r) = r**3 + 6*r**2 - r + 7. What is the units digit of k(-6)?
3
Let x(a) = 2*a**3 - 4*a - 3*a**3 + 7*a**2 - 2*a**2. Let m be x(4). What is the units digit of m + 1 + 1 + 0?
2
Let q = 292 - 65. What is the hundreds digit of q?
2
What is the units digit of 234/(-91)*(-28)/3?
4
Let v(m) be the second derivative of 0 + 3/4*m**4 - m + 0*m**2 + 1/6*m**3. What is the ten